b(d) = 2*d**3 + 7*d**2 - 802*d - 3187. Calculate b(-4).
5
Let y(r) = -96*r - 773. Calculate y(-8).
-5
Let x(p) = 752*p - 1535. Calculate x(2).
-31
Let y(o) = 60*o + 728. Give y(-13).
-52
Let i(o) = -o**2 + 166*o + 880. What is i(-5)?
25
Let g(u) = -6*u**3 - u**2 + 10*u + 23. What is g(-4)?
351
Let a(b) = -b**3 + 20*b**2 + 6*b - 133. Calculate a(20).
-13
Let i(h) = -613*h - 16543. Determine i(-27).
8
Let m(n) = -n**2 - 337*n + 3470. Determine m(10).
0
Let l(u) = -20*u**3 + 3*u**2 + 11*u - 25. What is l(2)?
-151
Let o(c) = -c**3 + 24*c**2 + 40*c - 955. Calculate o(24).
5
Let i(l) = -l**3 - 7*l**2 - 16*l - 28. Calculate i(-5).
2
Let v(a) = -16*a**2 + 3*a - 5. What is v(2)?
-63
Let r(u) = u**3 + 12*u**2 + 35*u + 143. Calculate r(-9).
71
Let c(a) = 3632*a + 39965. Calculate c(-11).
13
Let s(m) = -m**2 - 97*m + 990. Calculate s(9).
36
Let b(x) = -x**3 - 13*x**2 + 113*x + 4. What is b(6)?
-2
Let b(q) = 23*q**3 + q - 7. What is b(2)?
179
Let a(v) = -v**3 + 11*v**2 - 73*v + 797. Determine a(11).
-6
Let h(c) = c**3 + 7*c + 48. What is h(-3)?
0
Let d(g) = -253*g**2 - 2530*g - 4. Determine d(-10).
-4
Let t(o) = -73*o + 193. Calculate t(4).
-99
Let c(b) = -b**2 - 31*b + 131. Determine c(-32).
99
Let v(r) = 18*r + 37. Determine v(5).
127
Let l(u) = u**2 + 85*u + 685. Determine l(-79).
211
Let d(u) = -264*u + 980. What is d(6)?
-604
Let c(l) = -2*l**3 - 3*l**2 - 13*l - 8. Calculate c(-1).
4
Let n(m) = 11*m**2 - 64*m - 56. Calculate n(7).
35
Let n(d) = -86*d - 377. Calculate n(-4).
-33
Let r(q) = -3*q**2 - q + 461. Determine r(14).
-141
Let r(t) = -6*t**2 - 39*t - 6. Determine r(-7).
-27
Let y(s) = s**3 - 37*s**2 + 383*s - 739. Calculate y(17).
-8
Let a(b) = b**2 - 65*b - 78. Give a(56).
-582
Let g(v) = -230*v**2 + 683*v + 13. Give g(3).
-8
Let p(g) = g**2 + 27. What is p(0)?
27
Let z(k) = 3976*k + 7934. Give z(-2).
-18
Let d(p) = -p**3 + 19*p**2 - 47*p - 94. Calculate d(14).
228
Let j(x) = -129*x - 3079. Give j(-24).
17
Let t(b) = -b**3 - 79*b**2 + 1876*b - 275. Give t(19).
-9
Let c(v) = v**2 - 12*v + 95. Calculate c(9).
68
Let l(s) = s**3 + 11*s**2 - 19*s - 19. Determine l(-13).
-110
Let t(q) = 29*q - 135. Give t(4).
-19
Let q(b) = 2*b**3 - 524*b**2 - 1058*b + 525. Calculate q(264).
-3
Let q(i) = 9*i + 69. Calculate q(0).
69
Let z(f) = 134*f**3 - f**2 + 8*f + 8. Determine z(-1).
-135
Let n(t) = -t**2 + 96*t - 2246. Give n(44).
42
Let n(z) = 592*z**2 + 13618*z + 51. What is n(-23)?
5
Let j(n) = -n**2 - 95*n + 5851. Determine j(43).
-83
Let u(o) = o**3 - 7*o**2 - 493*o - 14. Give u(26).
12
Let n(s) = 22*s + 588. What is n(-20)?
148
Let c(p) = 6330*p + 82280. What is c(-13)?
-10
Let t(c) = 686*c - 3401. Determine t(5).
29
Let i(v) = -156*v - 3904. Calculate i(-25).
-4
Let f(t) = 164*t + 887. Give f(-6).
-97
Let f(x) = x**2 - 26*x + 57. Give f(7).
-76
Let i(c) = c**3 - 19*c**2 + 23*c + 214. Determine i(17).
27
Let w(y) = 16*y**2 - 32*y + 248. Give w(7).
808
Let g(r) = 318*r + 2615. Determine g(-11).
-883
Let g(j) = j + 2. Determine g(-47).
-45
Let i(n) = 20*n - 415. Give i(13).
-155
Let w(t) = -2*t**2 + 5*t + 239. Determine w(-10).
-11
Let l(z) = z**2 - 147*z - 3320. Determine l(167).
20
Let o(d) = -4*d**2 - 147*d - 1308. Calculate o(-15).
-3
Let z(m) = -m**3 + 44*m**2 + 133*m - 7571. Calculate z(43).
-3
Let s(l) = -4376*l + 13136. Calculate s(3).
8
Let l(u) = -2*u**2 + 15*u + 231. Determine l(-8).
-17
Let u(c) = -2*c**3 + 167*c**2 + 81*c + 114. Calculate u(84).
-138
Let b(k) = -2*k**2 + 143*k - 1301. Calculate b(63).
-230
Let f(o) = 2*o**3 + 18*o**2 + 27*o + 57. Give f(-8).
-31
Let j(t) = -17*t**3 + 2*t**2 + 3*t + 3. Calculate j(-2).
141
Let i(r) = 4*r**2 + 449*r + 4096. What is i(-10)?
6
Let b(j) = j**2 - 21*j - 126. Calculate b(26).
4
Let t(m) = m**2 - 3167*m - 7. What is t(0)?
-7
Let f(u) = -132*u**3 - 6*u + 5. Determine f(1).
-133
Let m(k) = 3764*k + 214555. Calculate m(-57).
7
Let f(c) = 17*c**2 + 205*c + 93. Calculate f(-12).
81
Let a(v) = 3*v**2 + 31*v + 116. What is a(-4)?
40
Let q(c) = -c**2 - 66*c - 62. Give q(-65).
3
Let j(t) = -46*t - 3131. Determine j(-68).
-3
Let h(x) = 194*x**3 + 23*x - 24. Give h(1).
193
Let l(c) = 80*c + 66. Determine l(-1).
-14
Let k(x) = 500*x + 42001. Give k(-84).
1
Let v(g) = 456*g + 1358. Calculate v(-3).
-10
Let u(g) = -g**2 - 27*g + 230. What is u(-34)?
-8
Let p(t) = t**3 - 2*t**2 - t - 5. Determine p(4).
23
Let k(f) = f**3 - 4*f**2 + 551*f + 2. What is k(0)?
2
Let w(m) = -m**3 + 36*m**2 - 65*m - 63. Give w(34).
39
Let p(n) = 16*n**2 - 16. What is p(2)?
48
Let f(j) = -j**2 + 9*j + 158. Give f(-9).
-4
Let b(d) = -d**3 + 113*d**2 + 2059*d - 54. Determine b(-16).
26
Let c(m) = m**3 + 28*m**2 + 32*m + 398. What is c(-27)?
263
Let j(c) = 117*c - 1075. Give j(9).
-22
Let s(t) = -39*t**3 - 313*t**2 - 8*t - 4. What is s(-8)?
-4
Let c(a) = -14*a**2 + 14*a - 2. What is c(1)?
-2
Let q(y) = y**3 + 69*y**2 + 12*y - 8179. Calculate q(-67).
-5
Let z(u) = 13*u - 905. Calculate z(56).
-177
Let m(v) = -16*v - 306. Give m(-24).
78
Let r(p) = -p + 63. Give r(-24).
87
Let q(z) = z**2 + 37*z - 166. Determine q(-41).
-2
Let j(b) = 44*b**2 + 611*b - 69. Determine j(-14).
1
Let i(h) = -h**2 + 155*h - 5708. Calculate i(60).
-8
Let t(o) = o**3 + 136*o**2 + 2597*o - 225. Give t(-113).
1
Let u(c) = 3*c**2 - 38*c + 39. Calculate u(12).
15
Let j(a) = 712*a - 51269. Give j(72).
-5
Let o(i) = -19*i**2 + 27*i + 1. What is o(2)?
-21
Let p(j) = -231*j - 7390. Give p(-32).
2
Let a(q) = -2*q**2 - 5195*q + 5196. Give a(1).
-1
Let c(k) = k**3 + 45*k**2 + 53*k + 387. What is c(-44)?
-9
Let d(n) = -n**3 + 16*n**2 - 52*n - 34. Determine d(17).
-1207
Let j(u) = -u**3 + 80*u**2 + 78*u + 170. Determine j(81).
-73
Let h(l) = -l**2 - 9*l - 84. Give h(-8).
-76
Let n(x) = -168*x**2 + 8*x - 5. Give n(0).
-5
Let r(a) = a**3 - 31*a - 22. Give r(-5).
8
Let z(w) = w**2 + 545*w - 6131. What is z(11)?
-15
Let c(h) = -h**2 - 149*h + 1596. Determine c(10).
6
Let n(o) = 18*o + 2257. Give n(-122).
61
Let b(f) = f**2 + 33*f + 218. Calculate b(-28).
78
Let x(t) = -t**3 - 55*t**2 - 53*t + 63. Determine x(-54).
9
Let s(j) = 2*j**2 - 517*j + 1033. Calculate s(2).
7
Let l(j) = 436*j + 2671. Determine l(-6).
55
Let c(l) = l**2 + 83*l + 773. Determine c(-10).
43
Let j(u) = -u**3 - 34*u**2 + 867*u + 4. Give j(-51).
4
Let h(j) = 15332*j - 45989. What is h(3)?
7
Let r(n) = 4505*n + 27044. What is r(-6)?
14
Let d(o) = 22*o - 162. What is d(7)?
-8
Let z(k) = -7*k**3 - 7*k**2 + 12*k - 3. Give z(1).
-5
Let t(n) = 1069*n + 8550. What is t(-8)?
-2
Let m(i) = 4*i**2 + 20*i - 124. Give m(-14).
380
Let z(t) = -t**3 - 124*t**2 + 116*t - 1067. Determine z(-125).
58
Let n(v) = -67*v + 176. What is n(3)?
-25
Let d(t) = 41*t**2 + 41*t + 128. Give d(-3).
374
Let i(w) = -w**3 - 81*w**2 + 153*w - 1077. Determine i(-83).
2
Let x(g) = 363*g - 9765. Calculate x(27).
36
Let u(m) = -2*m**2 - 280*m - 2600. Determine u(-10).
0
Let n(c) = -3*c - 72. What is n(-28)?
12
Let c(a) = -15*a**2 + 21*a - 7. Give c(0).
-7
Let v(i) = -i**2 + 21*i - 105. What is v(7)?
-7
Let g(j) = -38*j**3 + 153*j**2 - 23*j + 74. Calculate g(4).
-2
Let l(p) = 326*p - 154. Give l(0).
-154
Let q(o) = -237*o + 206. Determine q(-3).
917
Let c(r) = -r**3 - 48*r**2 - 250*r + 98. Determine c(-42).
14
Let n(c) = -91*c - 1356. What is n(-15)?
9
Let q(w) = -78*w + 9201. Give q(118).
-3
Let g(a) = -2*a**2 + 89*a + 281. Calculate g(45).
236
Let j(d) = -d**3 + 24*d**2 - 126*d - 14. What is j(8)?
2
Let w(f) = 4*f**2 + 65*f + 14. Determine w(-15).
-61
Let v(r) = 52*r**2 - 4*r - 1. Calculate v(1).
47
Let y(s) = 102*s**3 + s**2 - 3*s - 11. Calculate y(-2).
-817
Let x(i) = -2*i**3 - 35*i**2 + 555*i - 39. Determine x(10).
11
Let p(u) = -u**2 + 65*u - 569. Calculate p(55).
-19
Let o(g) = -2*g**3 + 18*g**2 + 14*g - 5. Determine o(10).
-65
Let y(z) = -2*z**3 + 6*z**2 + 17*z - 9. Calculate y(5).
-24
Let g(b) = 18*b + 1164. Give g(-64).
12
Let h(j) = -j**3 - 2*j**2 + 2*j + 4. Calculate h(-2).
0
Let i(t) = 50*t - 1058. Give i(21).
-8
Let y(v) = -v**3 + 36*v**2 + 211*v + 1701. What is y(42)?
-21
Let y(b) = -b**3 + 19*b**2 - 26*b - 211. Calculate y(16).
141
Let x(d) = d**3 - 43*d**2 + 174*d - 697. Calculate x(39).
5
Let w(m) = m**3 + 23*m**2 - 44*m + 174. What is w(-25)?
24
Let m(w) = 94*w + 1221. What is m(-13)?
-1
Let o(f) = -307*f + 318. What is o(1)?
11
Let v